145 is divided by 118?
27
What is the remainder when 1282059 is divided by 218?
1
What is the remainder when 222226 is divided by 111113?
0
What is the remainder when 835 is divided by 164?
15
What is the remainder when 197368 is divided by 645?
643
What is the remainder when 10683 is divided by 3556?
15
What is the remainder when 273213 is divided by 91069?
6
What is the remainder when 10804 is divided by 31?
16
What is the remainder when 1134 is divided by 1048?
86
What is the remainder when 179051 is divided by 17905?
1
Calculate the remainder when 418914 is divided by 24.
18
Calculate the remainder when 26560 is divided by 67.
28
Calculate the remainder when 26519 is divided by 13.
12
Calculate the remainder when 28901 is divided by 507.
2
Calculate the remainder when 29979 is divided by 197.
35
Calculate the remainder when 9574 is divided by 857.
147
Calculate the remainder when 5138 is divided by 6.
2
Calculate the remainder when 510439 is divided by 763.
755
Calculate the remainder when 246 is divided by 128.
118
Calculate the remainder when 2457895 is divided by 57.
55
What is the remainder when 408304 is divided by 291?
31
What is the remainder when 478918 is divided by 5321?
28
Calculate the remainder when 112037 is divided by 27981.
113
What is the remainder when 3169 is divided by 28?
5
Calculate the remainder when 16515 is divided by 284.
43
Calculate the remainder when 3004072 is divided by 27.
25
What is the remainder when 10770 is divided by 1193?
33
What is the remainder when 146339 is divided by 12?
11
What is the remainder when 9922 is divided by 97?
28
What is the remainder when 15849 is divided by 2640?
9
Calculate the remainder when 790291 is divided by 102.
97
What is the remainder when 490989 is divided by 848?
845
Calculate the remainder when 8627 is divided by 6.
5
Calculate the remainder when 8305 is divided by 635.
50
What is the remainder when 2414 is divided by 1619?
795
Calculate the remainder when 5244 is divided by 528.
492
Calculate the remainder when 143195 is divided by 87.
80
What is the remainder when 152333 is divided by 279?
278
What is the remainder when 180029 is divided by 60?
29
Calculate the remainder when 41851 is divided by 120.
91
What is the remainder when 15277 is divided by 488?
149
Calculate the remainder when 79649 is divided by 15853.
384
Calculate the remainder when 21001 is divided by 570.
481
What is the remainder when 549013 is divided by 10?
3
Calculate the remainder when 40714 is divided by 1769.
27
What is the remainder when 1073 is divided by 1067?
6
What is the remainder when 14717 is divided by 4899?
20
Calculate the remainder when 24535 is divided by 534.
505
What is the remainder when 4393 is divided by 1211?
760
Calculate the remainder when 6593 is divided by 68.
65
What is the remainder when 2392237 is divided by 10?
7
What is the remainder when 528 is divided by 522?
6
What is the remainder when 3091 is divided by 398?
305
What is the remainder when 6178 is divided by 6174?
4
Calculate the remainder when 48514 is divided by 239.
236
Calculate the remainder when 179430 is divided by 179425.
5
What is the remainder when 296 is divided by 70?
16
Calculate the remainder when 353310 is divided by 124.
34
Calculate the remainder when 42229 is divided by 10.
9
Calculate the remainder when 63587 is divided by 84.
83
Calculate the remainder when 1627 is divided by 421.
364
Calculate the remainder when 386066 is divided by 64344.
2
What is the remainder when 1812 is divided by 1642?
170
Calculate the remainder when 28925 is divided by 349.
307
Calculate the remainder when 2379 is divided by 1237.
1142
What is the remainder when 538 is divided by 281?
257
Calculate the remainder when 1837 is divided by 152.
13
Calculate the remainder when 35416 is divided by 436.
100
What is the remainder when 48586 is divided by 88?
10
What is the remainder when 29477 is divided by 110?
107
What is the remainder when 587 is divided by 304?
283
Calculate the remainder when 20689 is divided by 488.
193
What is the remainder when 15859 is divided by 51?
49
What is the remainder when 1878521 is divided by 218?
15
What is the remainder when 7949 is divided by 15?
14
What is the remainder when 2749 is divided by 1361?
27
Calculate the remainder when 3112 is divided by 3079.
33
Calculate the remainder when 15595 is divided by 11.
8
What is the remainder when 11645 is divided by 30?
5
Calculate the remainder when 162618 is divided by 188.
186
Calculate the remainder when 90170 is divided by 119.
87
What is the remainder when 59392 is divided by 479?
475
What is the remainder when 8056 is divided by 991?
128
Calculate the remainder when 153634 is divided by 38406.
10
Calculate the remainder when 386105 is divided by 42.
41
What is the remainder when 273997 is divided by 42?
31
What is the remainder when 998 is divided by 12?
2
What is the remainder when 656 is divided by 43?
11
Calculate the remainder when 29629 is divided by 95.
84
What is the remainder when 1430964 is divided by 19?
17
What is the remainder when 985 is divided by 15?
10
What is the remainder when 6369 is divided by 543?
396
Calculate the remainder when 546821 is divided by 681.
659
Calculate the remainder when 17884 is divided by 2.
0
What is the remainder when 532854 is divided by 395?
394
What is the remainder when 12017 is divided by 119?
117
What is the remainder when 115462 is divided by 22?
6
What is the remainder when 1174 is divided by 424?
326
What is the remainder when 197875 is divided by 354?
343
What is the remainder when 6072692 is divided by 42?
38
Calculate the remainder when 13303 is divided by 208.
199
Calculate the remainder when 164040 is divided by 29.
16
What is the remainder when 44207 is divided by 6?
5
Calculate the remainder when 1188 is divided by 32.
4
What is the remainder when 564187 is divided by 124?
111
What is the remainder when 3475 is divided by 1?
0
What is the remainder when 196094 is divided by 41?
32
What is the remainder when 4536 is divided by 3045?
1491
What is the remainder when 80947 is divided by 343?
342
What is the remainder when 1681 is divided by 238?
15
What is the remainder when 305 is divided by 115?
75
What is the remainder when 1932356 is divided by 551?
550
What is the remainder when 20913 is divided by 10364?
185
Calculate the remainder when 39964 is divided by 121.
34
What is the remainder when 248388 is divided by 61?
57
Calculate the remainder when 2956 is divided by 925.
181
Calculate the remainder when 2391 is divided by 1713.
678
Calculate the remainder when 25257 is divided by 5049.
12
What is the remainder when 7034 is divided by 3349?
336
What is the remainder when 5482 is divided by 783?
1
What is the remainder when 1806 is divided by 170?
106
Calculate the remainder when 3440 is divided by 16.
0
What is the remainder when 5459 is divided by 1109?
1023
What is the remainder when 8103 is divided by 204?
147
What is the remainder when 44958 is divided by 572?
342
Calculate the remainder when 7107 is divided by 256.
195
What is the remainder when 4869 is divided by 2119?
631
What is the remainder when 12770 is divided by 278?
260
Calculate the remainder when 264925 is divided by 168.
157
What is the remainder when 1567884 is divided by 1595?
1594
What is the remainder when 172651 is divided by 120?
91
What is the remainder when 4704 is divided by 923?
89
What is the remainder when 10205976 is divided by 526?
524
What is the remainder when 7488 is divided by 7473?
15
Calculate the remainder when 28720 is divided by 31.
14
What is the remainder when 365564 is divided by 540?
524
What is the remainder when 219343 is divided by 36?
31
What is the remainder when 1234 is divided by 11?
2
Calculate the remainder when 42342 is divided by 21136.
70
What is the remainder when 4950 is divided by 4670?
280
Calculate the remainder when 52921 is divided by 39.
37
What is the remainder when 125162 is divided by 36?
26
What is the remainder when 2039545 is divided by 417?
415
Calculate the remainder when 3127 is divided by 30.
7
Calculate the remainder when 2038 is divided by 112.
22
Calculate the remainder when 1983 is divided by 132.
3
Calculate the remainder when 233100 is divided by 582